, what is -60 - -36?
-28
In base 6, what is -20155 + 4104?
-12051
In base 3, what is 22221101 + 121?
22221222
In base 9, what is 17583264 - 0?
17583264
In base 14, what is b9 - -241?
31a
In base 11, what is 8 - 1619a?
-16192
In base 15, what is -18dd + 1dd?
-1700
In base 10, what is 3941 + 55?
3996
In base 14, what is 2834 + -c?
2826
In base 15, what is 31073 + 3?
31076
In base 4, what is -331311013 - 2?
-331311021
In base 9, what is -10 - -155417?
155407
In base 5, what is -10334 - -133?
-10201
In base 13, what is 586 + -c44?
-68b
In base 13, what is -3 - -736?
733
In base 16, what is 11 - -3bab?
3bbc
In base 7, what is -2343 + 2524?
151
In base 11, what is 1 + 49944?
49945
In base 6, what is -142 - -1040535?
1040353
In base 6, what is -213122 - -2?
-213120
In base 14, what is 6177 - -4?
617b
In base 10, what is 5 + 83704?
83709
In base 7, what is 214 + 111144?
111361
In base 12, what is 0 - 28888?
-28888
In base 8, what is -13 + 41274?
41261
In base 2, what is -1111001010001 - -1101?
-1111001000100
In base 5, what is -122 + -341132?
-341304
In base 2, what is -1011110111001101 + -111?
-1011110111010100
In base 7, what is 14130 + -14?
14113
In base 3, what is -2 - -1202011010?
1202011001
In base 3, what is -10 + -1210121220102?
-1210121220112
In base 3, what is 2 - -110010200?
110010202
In base 5, what is 14431430 + 3?
14431433
In base 4, what is -11 + -11203010?
-11203021
In base 16, what is -5 - 18b56?
-18b5b
In base 5, what is -243 - -43412?
43114
In base 12, what is 135a - 591?
989
In base 12, what is -4a49b4 + 0?
-4a49b4
In base 4, what is 120110 + 3332?
130102
In base 7, what is 531263 - -114?
531410
In base 10, what is -62951 + -16?
-62967
In base 7, what is 3 - -16131?
16134
In base 10, what is 94033 - 1?
94032
In base 8, what is 26136 + -1?
26135
In base 10, what is 723 - 1208?
-485
In base 16, what is -2de + 7?
-2d7
In base 13, what is 813c + 7?
8146
In base 11, what is 17 - -4a25?
4a41
In base 2, what is 0 - 1000010011011001?
-1000010011011001
In base 5, what is -24001002 - -2?
-24001000
In base 12, what is -16 + -4909?
-4923
In base 11, what is 4356 - 8?
4349
In base 12, what is -158 + 127?
-31
In base 8, what is -22202 - -224?
-21756
In base 16, what is 57 - -a4d?
aa4
In base 2, what is -1000110010111111101111 + 0?
-1000110010111111101111
In base 11, what is -11aa - 26?
-1225
In base 6, what is -224403 + -1?
-224404
In base 4, what is 20030 - -12033?
32123
In base 8, what is 57 + -6653?
-6574
In base 4, what is 2 + -212112?
-212110
In base 8, what is -4 - -33453?
33447
In base 4, what is -11010 - -132132?
121122
In base 2, what is 100 + 10011001110100?
10011001111000
In base 6, what is -4430 - 20?
-4450
In base 11, what is 4 + 20654?
20658
In base 13, what is 984 - -3b?
9c2
In base 5, what is -103302033 + -10?
-103302043
In base 5, what is 211000033 + 3?
211000041
In base 9, what is 4 + -21264?
-21260
In base 15, what is -1 + 2ea65?
2ea64
In base 11, what is 232406 - -4?
23240a
In base 10, what is 803562 + -4?
803558
In base 12, what is 89141 - 17?
89126
In base 10, what is -38 + 5670?
5632
In base 5, what is -1422 - 3044?
-10021
In base 3, what is 1120211 - -1020?
1122001
In base 11, what is -a059 + 0?
-a059
In base 15, what is 2cc1 + -22?
2c9e
In base 16, what is -13d - -ef?
-4e
In base 2, what is 11010011001 + 11?
11010011100
In base 15, what is 14 + -4832?
-481d
In base 6, what is -2 + 3354335?
3354333
In base 3, what is -1111022 - -1220?
-1102102
In base 15, what is a2 - -8eeb?
909d
In base 7, what is -2 + 664?
662
In base 2, what is -1101000 - 111001111111?
-111011100111
In base 10, what is -43577 + -1?
-43578
In base 5, what is 4 - -143422?
143431
In base 3, what is -10 + 1110212220?
1110212210
In base 14, what is 1669 - 1?
1668
In base 14, what is b + -8ac4?
-8ab7
In base 15, what is 30 + e8d6?
e916
In base 3, what is 1 + 121000100?
121000101
In base 16, what is -2d9d - -4?
-2d99
In base 8, what is 237 - -475?
734
In base 4, what is 2301202 + 101?
2301303
In base 16, what is 22 + 3911?
3933
In base 8, what is -4 - -163107?
163103
In base 7, what is -1331 - -35?
-1263
In base 8, what is 1250 - -6?
1256
In base 9, what is -34 + 57?
23
In base 9, what is -6026 + -203?
-6230
In base 14, what is 106ca + 1a?
10706
In base 4, what is 212 - -1021223?
1022101
In base 6, what is 1130540 + 1?
1130541
In base 4, what is -2 + 22031131?
22031123
In base 8, what is 53557 + 3?
53562
In base 4, what is 1330033 - -1001?
1331100
In base 3, what is -101221220 + 101?
-101221112
In base 5, what is 24442 - 1212?
23230
In base 3, what is -121020 - 10011?
-201101
In base 7, what is -34024 + -41?
-34065
In base 16, what is -4 + -3526?
-352a
In base 16, what is -12c - -4c?
-e0
In base 5, what is 14 - 3120?
-3101
In base 6, what is -2151 + -340?
-2531
In base 6, what is 543223 + 0?
543223
In base 11, what is -3 + 10789?
10786
In base 13, what is 62571b + 0?
62571b
In base 4, what is -130032 + 23?
-130003
In base 4, what is 11201 + -1?
11200
In base 4, what is 22232002 - -2?
22232010
In base 6, what is 5 - 35145304?
-35145255
In base 13, what is b8b + -433?
758
In base 11, what is 760 - 47?
714
In base 13, what is -392b5 + -3?
-392b8
In base 5, what is 12303 + 103?
12411
In base 12, what is 2488 + b?
2497
In base 9, what is -4 + -8240?
-8244
In base 2, what is 1101 - -10010010000000?
10010010001101
In base 3, what is 2211021 - 1221?
2202100
In base 5, what is 221222 - 30?
221142
In base 6, what is -54455121 + 5?
-54455112
In base 14, what is 24c5a5 - 3?
24c5a2
In base 11, what is -130 + 3896?
3766
In base 10, what is -13 + 35537?
35524
In base 11, what is 6330 - a?
6321
In base 14, what is -245 - 50?
-295
In base 15, what is -2d273 + -b?
-2d27e
In base 2, what is 10011100111001 - 1001?
10011100110000
In base 10, what is 16 + -138841?
-138825
In base 5, what is 324 - -111?
440
In base 16, what is 893f - -1?
8940
In base 2, what is 1000001010111 + 10010011?
1000011101010
In base 10, what is -147 + -1906?
-2053
In base 16, what is -16c + -166?
-2d2
In base 7, what is -23 + -13335?
-13361
In base 15, what is 50 + 836?
886
In base 4, what is -3 - -1100131?
1100122
In base 5, what is 44442044 - -1?
44442100
In base 4, what is 102103 + -1332?
100111
In base 14, what is 69d + -56c?
131
In base 5, what is 13 + -2202333?
-2202320
In base 7, what is -616 + 20?
-566
In base 4, what is -1012001111 - 11?
-1012001122
In base 9, what is 12 - 40482?
-40470
In base 16, what is -5159 + -2?
-515b
In base 8, what is 115112 + -1?
115111
In base 2, what is 11101 - 10011110001?
-10011010100
In base 10, what is -27 - 17759?
-17786
In base 13, what is aa4 + -1b8?
8b9
In base 4, what is -1313 - 1002030?
-1010003
In base 2, what is 101 + 1010111100010110?
1010111100011011
In base 9, what is 4 + 74811?
74815
In base 13, what is 350c + -1a?
34c2
In base 10, what is 46 - 603?
-557
In base 4, what is -1323120 + 320?
-1322200
In base 5, what is -100040014 - 1?
-100040020
In base 4, what is -110032221 + 0?
-110032221
In base 14, what is 1 + 3357?
3358
In base 8, what is 35 + 7363?
7420
In base 9, what is 10 - 1318218?
-1318208
In base 7, what is -1406 + 235?
-1141
In base 2, what is -101 + 1001001001100100100?
1001001001100011111
In base 15, what is -11 + -5b8?
-5c9
In base 14, what is 3 + -317?
-314
In base 6, what is -220255 + 100?
-220155
In base 11, what is 6 + -289?
-283
In base 15, what is 4 + 1d5?
1d9
In base 13, what is -734b - -6?
-7345
In base 2, what is 1000010 - -110010100001011?
110010101001101
In base 14, what is 25ca9 + -1?
25ca8
In base 2, what is 1110010 + -10111000?
-1000110
In base 15, what is c3d88 - 4?
c3d84
In base 12, what is -40244 - -3?
-40241
In base 7, what is 1 + 53415?
53416
In base 11, what is 49 + -15944?
-158a6
In base 8, what is -112403 - -50?
-112333
In base 5, what is 24323243 + -4?
24323234
In base 7, what is -21 - 13102?
-13123
In base 7, what is 1501435 + -1?
1501434
In base 5, what is -20342441 - 2?
-20342443
In base 14, what is 83259 - -4?
8325d
In base 13, what is 35 + -1ac9?
-1a94
In base 11, what is 72 + -703?
-641
In base 14, what is -5 + -36cc?
-36d3
In base 13, what is 164 + -2432?
-229b
In base 13, what is a8070c + -3?
a80709
In base 12, what is -10 - -20a25?
20a15
In base 15, what is 89aa + -c7?
88d3
In base 13, what is 1ccc7 - 3?
